{"id":2403,"date":"2023-05-12T14:45:06","date_gmt":"2023-05-12T12:45:06","guid":{"rendered":"https:\/\/omarrakechsouk.com\/?post_type=product&#038;p=2403"},"modified":"2024-04-11T16:00:50","modified_gmt":"2024-04-11T14:00:50","slug":"panier-en-feuille-de-palmier","status":"publish","type":"product","link":"https:\/\/omarrakechsouk.com\/index.php\/produit\/panier-en-feuille-de-palmier\/","title":{"rendered":"PANIER EN FEUILLE DE PALMIER"},"content":{"rendered":"<p>Panier en feuille de palmier<\/p>\n","protected":false},"excerpt":{"rendered":"<p>Panier en feuille de palmier<\/p>\n<p>Anses en cordes tress\u00e9es<\/p>\n<p>doubl\u00e9 \u00e0 l int\u00e9rieur , ce qui vous permet de le fermer pour plus de s\u00e9curit\u00e9.<\/p>\n","protected":false},"featured_media":2404,"template":"","meta":[],"product_cat":[15,28],"product_tag":[],"class_list":{"0":"post-2403","1":"product","2":"type-product","3":"status-publish","4":"has-post-thumbnail","6":"product_cat-nouveautes","7":"product_cat-paniers","9":"first","10":"instock","11":"sold-individually","12":"purchasable","13":"product-type-simple"},"yoast_head":"<!-- This site is optimized with the Yoast SEO plugin v24.7 - https:\/\/yoast.com\/wordpress\/plugins\/seo\/ -->\n<title>PANIER EN FEUILLE DE PALMIER - OMARRAKECHSOUK<\/title>\n<meta name=\"robots\" content=\"index, follow, max-snippet:-1, max-image-preview:large, max-video-preview:-1\" \/>\n<link rel=\"canonical\" href=\"https:\/\/omarrakechsouk.com\/index.php\/produit\/panier-en-feuille-de-palmier\/\" \/>\n<meta property=\"og:locale\" content=\"fr_FR\" \/>\n<meta property=\"og:type\" content=\"article\" \/>\n<meta property=\"og:title\" content=\"PANIER EN FEUILLE DE PALMIER - OMARRAKECHSOUK\" \/>\n<meta property=\"og:description\" content=\"Panier en feuille de palmier  Anses en cordes tress\u00e9es  doubl\u00e9 \u00e0 l int\u00e9rieur , ce qui vous permet de le fermer pour plus de s\u00e9curit\u00e9.\" \/>\n<meta property=\"og:url\" content=\"https:\/\/omarrakechsouk.com\/index.php\/produit\/panier-en-feuille-de-palmier\/\" \/>\n<meta property=\"og:site_name\" content=\"OMARRAKECHSOUK\" \/>\n<meta property=\"article:modified_time\" content=\"2024-04-11T14:00:50+00:00\" \/>\n<meta property=\"og:image\" content=\"https:\/\/omarrakechsouk.com\/wp-content\/uploads\/2023\/05\/7A6CAF05-BBFE-46E1-8329-67E53457215D.jpg\" \/>\n\t<meta property=\"og:image:width\" content=\"1170\" \/>\n\t<meta property=\"og:image:height\" content=\"2080\" \/>\n\t<meta property=\"og:image:type\" content=\"image\/jpeg\" \/>\n<meta name=\"twitter:card\" content=\"summary_large_image\" \/>\n<meta name=\"twitter:label1\" content=\"Dur\u00e9e de lecture estim\u00e9e\" \/>\n\t<meta name=\"twitter:data1\" content=\"1 minute\" \/>\n<script type=\"application\/ld+json\" class=\"yoast-schema-graph\">{\"@context\":\"https:\/\/schema.org\",\"@graph\":[{\"@type\":\"WebPage\",\"@id\":\"https:\/\/omarrakechsouk.com\/index.php\/produit\/panier-en-feuille-de-palmier\/\",\"url\":\"https:\/\/omarrakechsouk.com\/index.php\/produit\/panier-en-feuille-de-palmier\/\",\"name\":\"PANIER EN FEUILLE DE PALMIER - OMARRAKECHSOUK\",\"isPartOf\":{\"@id\":\"https:\/\/omarrakechsouk.com\/#website\"},\"primaryImageOfPage\":{\"@id\":\"https:\/\/omarrakechsouk.com\/index.php\/produit\/panier-en-feuille-de-palmier\/#primaryimage\"},\"image\":{\"@id\":\"https:\/\/omarrakechsouk.com\/index.php\/produit\/panier-en-feuille-de-palmier\/#primaryimage\"},\"thumbnailUrl\":\"https:\/\/omarrakechsouk.com\/wp-content\/uploads\/2023\/05\/7A6CAF05-BBFE-46E1-8329-67E53457215D.jpg\",\"datePublished\":\"2023-05-12T12:45:06+00:00\",\"dateModified\":\"2024-04-11T14:00:50+00:00\",\"breadcrumb\":{\"@id\":\"https:\/\/omarrakechsouk.com\/index.php\/produit\/panier-en-feuille-de-palmier\/#breadcrumb\"},\"inLanguage\":\"fr-FR\",\"potentialAction\":[{\"@type\":\"ReadAction\",\"target\":[\"https:\/\/omarrakechsouk.com\/index.php\/produit\/panier-en-feuille-de-palmier\/\"]}]},{\"@type\":\"ImageObject\",\"inLanguage\":\"fr-FR\",\"@id\":\"https:\/\/omarrakechsouk.com\/index.php\/produit\/panier-en-feuille-de-palmier\/#primaryimage\",\"url\":\"https:\/\/omarrakechsouk.com\/wp-content\/uploads\/2023\/05\/7A6CAF05-BBFE-46E1-8329-67E53457215D.jpg\",\"contentUrl\":\"https:\/\/omarrakechsouk.com\/wp-content\/uploads\/2023\/05\/7A6CAF05-BBFE-46E1-8329-67E53457215D.jpg\",\"width\":1170,\"height\":2080},{\"@type\":\"BreadcrumbList\",\"@id\":\"https:\/\/omarrakechsouk.com\/index.php\/produit\/panier-en-feuille-de-palmier\/#breadcrumb\",\"itemListElement\":[{\"@type\":\"ListItem\",\"position\":1,\"name\":\"Accueil\",\"item\":\"https:\/\/omarrakechsouk.com\/\"},{\"@type\":\"ListItem\",\"position\":2,\"name\":\"Boutique\",\"item\":\"https:\/\/omarrakechsouk.com\/index.php\/boutique\/\"},{\"@type\":\"ListItem\",\"position\":3,\"name\":\"PANIER EN FEUILLE DE PALMIER\"}]},{\"@type\":\"WebSite\",\"@id\":\"https:\/\/omarrakechsouk.com\/#website\",\"url\":\"https:\/\/omarrakechsouk.com\/\",\"name\":\"OMARRAKECHSOUK\",\"description\":\"Artisanat Marocain\",\"potentialAction\":[{\"@type\":\"SearchAction\",\"target\":{\"@type\":\"EntryPoint\",\"urlTemplate\":\"https:\/\/omarrakechsouk.com\/?s={search_term_string}\"},\"query-input\":{\"@type\":\"PropertyValueSpecification\",\"valueRequired\":true,\"valueName\":\"search_term_string\"}}],\"inLanguage\":\"fr-FR\"}]}<\/script>\n<!-- \/ Yoast SEO plugin. -->","yoast_head_json":{"title":"PANIER EN FEUILLE DE PALMIER - OMARRAKECHSOUK","robots":{"index":"index","follow":"follow","max-snippet":"max-snippet:-1","max-image-preview":"max-image-preview:large","max-video-preview":"max-video-preview:-1"},"canonical":"https:\/\/omarrakechsouk.com\/index.php\/produit\/panier-en-feuille-de-palmier\/","og_locale":"fr_FR","og_type":"article","og_title":"PANIER EN FEUILLE DE PALMIER - OMARRAKECHSOUK","og_description":"Panier en feuille de palmier  Anses en cordes tress\u00e9es  doubl\u00e9 \u00e0 l int\u00e9rieur , ce qui vous permet de le fermer pour plus de s\u00e9curit\u00e9.","og_url":"https:\/\/omarrakechsouk.com\/index.php\/produit\/panier-en-feuille-de-palmier\/","og_site_name":"OMARRAKECHSOUK","article_modified_time":"2024-04-11T14:00:50+00:00","og_image":[{"width":1170,"height":2080,"url":"https:\/\/omarrakechsouk.com\/wp-content\/uploads\/2023\/05\/7A6CAF05-BBFE-46E1-8329-67E53457215D.jpg","type":"image\/jpeg"}],"twitter_card":"summary_large_image","twitter_misc":{"Dur\u00e9e de lecture estim\u00e9e":"1 minute"},"schema":{"@context":"https:\/\/schema.org","@graph":[{"@type":"WebPage","@id":"https:\/\/omarrakechsouk.com\/index.php\/produit\/panier-en-feuille-de-palmier\/","url":"https:\/\/omarrakechsouk.com\/index.php\/produit\/panier-en-feuille-de-palmier\/","name":"PANIER EN FEUILLE DE PALMIER - OMARRAKECHSOUK","isPartOf":{"@id":"https:\/\/omarrakechsouk.com\/#website"},"primaryImageOfPage":{"@id":"https:\/\/omarrakechsouk.com\/index.php\/produit\/panier-en-feuille-de-palmier\/#primaryimage"},"image":{"@id":"https:\/\/omarrakechsouk.com\/index.php\/produit\/panier-en-feuille-de-palmier\/#primaryimage"},"thumbnailUrl":"https:\/\/omarrakechsouk.com\/wp-content\/uploads\/2023\/05\/7A6CAF05-BBFE-46E1-8329-67E53457215D.jpg","datePublished":"2023-05-12T12:45:06+00:00","dateModified":"2024-04-11T14:00:50+00:00","breadcrumb":{"@id":"https:\/\/omarrakechsouk.com\/index.php\/produit\/panier-en-feuille-de-palmier\/#breadcrumb"},"inLanguage":"fr-FR","potentialAction":[{"@type":"ReadAction","target":["https:\/\/omarrakechsouk.com\/index.php\/produit\/panier-en-feuille-de-palmier\/"]}]},{"@type":"ImageObject","inLanguage":"fr-FR","@id":"https:\/\/omarrakechsouk.com\/index.php\/produit\/panier-en-feuille-de-palmier\/#primaryimage","url":"https:\/\/omarrakechsouk.com\/wp-content\/uploads\/2023\/05\/7A6CAF05-BBFE-46E1-8329-67E53457215D.jpg","contentUrl":"https:\/\/omarrakechsouk.com\/wp-content\/uploads\/2023\/05\/7A6CAF05-BBFE-46E1-8329-67E53457215D.jpg","width":1170,"height":2080},{"@type":"BreadcrumbList","@id":"https:\/\/omarrakechsouk.com\/index.php\/produit\/panier-en-feuille-de-palmier\/#breadcrumb","itemListElement":[{"@type":"ListItem","position":1,"name":"Accueil","item":"https:\/\/omarrakechsouk.com\/"},{"@type":"ListItem","position":2,"name":"Boutique","item":"https:\/\/omarrakechsouk.com\/index.php\/boutique\/"},{"@type":"ListItem","position":3,"name":"PANIER EN FEUILLE DE PALMIER"}]},{"@type":"WebSite","@id":"https:\/\/omarrakechsouk.com\/#website","url":"https:\/\/omarrakechsouk.com\/","name":"OMARRAKECHSOUK","description":"Artisanat Marocain","potentialAction":[{"@type":"SearchAction","target":{"@type":"EntryPoint","urlTemplate":"https:\/\/omarrakechsouk.com\/?s={search_term_string}"},"query-input":{"@type":"PropertyValueSpecification","valueRequired":true,"valueName":"search_term_string"}}],"inLanguage":"fr-FR"}]}},"jetpack_sharing_enabled":true,"_links":{"self":[{"href":"https:\/\/omarrakechsouk.com\/index.php\/wp-json\/wp\/v2\/product\/2403","targetHints":{"allow":["GET"]}}],"collection":[{"href":"https:\/\/omarrakechsouk.com\/index.php\/wp-json\/wp\/v2\/product"}],"about":[{"href":"https:\/\/omarrakechsouk.com\/index.php\/wp-json\/wp\/v2\/types\/product"}],"wp:featuredmedia":[{"embeddable":true,"href":"https:\/\/omarrakechsouk.com\/index.php\/wp-json\/wp\/v2\/media\/2404"}],"wp:attachment":[{"href":"https:\/\/omarrakechsouk.com\/index.php\/wp-json\/wp\/v2\/media?parent=2403"}],"wp:term":[{"taxonomy":"product_cat","embeddable":true,"href":"https:\/\/omarrakechsouk.com\/index.php\/wp-json\/wp\/v2\/product_cat?post=2403"},{"taxonomy":"product_tag","embeddable":true,"href":"https:\/\/omarrakechsouk.com\/index.php\/wp-json\/wp\/v2\/product_tag?post=2403"}],"curies":[{"name":"wp","href":"https:\/\/api.w.org\/{rel}","templated":true}]}}